d?
-311
In base 12, what is -671 - 1?
-672
In base 2, what is 11 + 11010001?
11010100
In base 12, what is -7 - -b?
4
In base 3, what is 1022 + -1?
1021
In base 2, what is 10 + -101001101?
-101001011
In base 5, what is -3434 - -3?
-3431
In base 7, what is -31 - -35?
4
In base 10, what is 2 + 79?
81
In base 14, what is a2 + 0?
a2
In base 2, what is -10000101 - -1101?
-1111000
In base 14, what is 4 - 93a?
-936
In base 8, what is 453 - -2?
455
In base 13, what is 16 - 1b7?
-1a1
In base 15, what is -3 - -d8?
d5
In base 13, what is -11 + 371?
360
In base 3, what is 1101 - -12?
1120
In base 13, what is 1 + 6?
7
In base 4, what is 12 + 2002?
2020
In base 12, what is 20 + -a?
12
In base 14, what is -1 - 5b?
-5c
In base 8, what is -2 - -3744?
3742
In base 3, what is 12 - -1201?
1220
In base 9, what is 0 + -16?
-16
In base 11, what is -2 + -20?
-22
In base 6, what is 5 - -105?
114
In base 12, what is 1 - 5ab?
-5aa
In base 7, what is -4 + -5546?
-5553
In base 11, what is -12908 + -1?
-12909
In base 13, what is -5c9 + 6?
-5c3
In base 2, what is -10111001000 + 10?
-10111000110
In base 4, what is 103 + -12?
31
In base 4, what is -10 - 3?
-13
In base 5, what is -32 - -4?
-23
In base 8, what is 126 + 1?
127
In base 16, what is -5a + 2?
-58
In base 8, what is 3335 - -1?
3336
In base 7, what is -462 + 1?
-461
In base 6, what is -2 - -514?
512
In base 4, what is 0 + -113?
-113
In base 7, what is 2130 + -4?
2123
In base 10, what is 2 - -1621?
1623
In base 15, what is -4 - -2a8?
2a4
In base 4, what is 11 + -200?
-123
In base 16, what is -3c3 - f?
-3d2
In base 9, what is -760 - 4?
-764
In base 5, what is 10 - 2404?
-2344
In base 8, what is 33 - 16?
15
In base 10, what is -119 + 5?
-114
In base 4, what is 31 - -203?
300
In base 16, what is e + -9?
5
In base 14, what is 0 + -a1?
-a1
In base 12, what is 1 - 101?
-100
In base 14, what is 0 + -364?
-364
In base 4, what is 10 - -1021?
1031
In base 2, what is -100111000 - 0?
-100111000
In base 8, what is -2 + -15051?
-15053
In base 5, what is -1 - 23?
-24
In base 11, what is -81 - -4?
-78
In base 10, what is -15 + 117?
102
In base 2, what is 1001000011 + -100?
1000111111
In base 16, what is 18 + -1ab?
-193
In base 10, what is 693 - -4?
697
In base 5, what is 0 + -40103?
-40103
In base 11, what is 0 - 1986?
-1986
In base 10, what is 4 - 1453?
-1449
In base 8, what is -204 + -3?
-207
In base 5, what is 4 + 4?
13
In base 5, what is -10 + 1124?
1114
In base 16, what is -955 - -4?
-951
In base 9, what is 0 - -3643?
3643
In base 4, what is -3 + 3303?
3300
In base 11, what is 18 + -2?
16
In base 16, what is ad - -1?
ae
In base 14, what is -c2 - -2?
-c0
In base 15, what is -4 + 18c?
188
In base 2, what is -101111100101 + -10?
-101111100111
In base 14, what is -84 + -4b?
-d1
In base 10, what is 3 - 102?
-99
In base 12, what is 2a4 - -3?
2a7
In base 5, what is 2 - -4243?
4300
In base 13, what is -16 - 55?
-6b
In base 15, what is -1b - 9?
-25
In base 2, what is -110 + -10001001010?
-10001010000
In base 9, what is -2 - 263?
-265
In base 16, what is 0 - -5f?
5f
In base 12, what is b2 - -5?
b7
In base 13, what is 43bb - 4?
43b7
In base 9, what is -3 + 10557?
10554
In base 3, what is 12 - 10222121?
-10222102
In base 2, what is 111010000010 + -1?
111010000001
In base 5, what is 132214 - 4?
132210
In base 4, what is 11 + 20?
31
In base 12, what is 3 + -139b?
-1398
In base 16, what is a - 136?
-12c
In base 15, what is -8 + 3b?
33
In base 11, what is -2 + -424?
-426
In base 7, what is 0 - -1105?
1105
In base 16, what is -25ec + 3?
-25e9
In base 2, what is -110 - 1011110?
-1100100
In base 7, what is 63 + -202?
-106
In base 9, what is 10 - 1636?
-1626
In base 16, what is -18d - -1?
-18c
In base 6, what is -1 + -55?
-100
In base 13, what is c5 + 1?
c6
In base 14, what is 51 + 35?
86
In base 4, what is -10 - -102002?
101332
In base 3, what is 1100 + 2210?
11010
In base 13, what is -360 + 10?
-350
In base 2, what is 1001000 + -10?
1000110
In base 12, what is -133 + 0?
-133
In base 3, what is -2021 - -11?
-2010
In base 5, what is -1 + -1113?
-1114
In base 16, what is -e4 - 5?
-e9
In base 13, what is -25 + 86?
61
In base 2, what is 10110 + 1111?
100101
In base 11, what is -360 - -4?
-357
In base 6, what is 1543 - 0?
1543
In base 12, what is -2864 - -5?
-285b
In base 10, what is 10 - -68?
78
In base 6, what is 43021 - 3?
43014
In base 5, what is -4433 - 1?
-4434
In base 14, what is -8 - 5?
-d
In base 14, what is 5 + d?
14
In base 6, what is -341 + -210?
-551
In base 6, what is -3105 + -3?
-3112
In base 15, what is bcb + 5?
bd1
In base 6, what is 3 + 13035?
13042
In base 11, what is -13 - -9?
-5
In base 13, what is -2a0 + -4?
-2a4
In base 16, what is 27 - -15d?
184
In base 8, what is -1 - -517?
516
In base 15, what is e37 + -2?
e35
In base 15, what is 2167 - 2?
2165
In base 13, what is 4 - bb6?
-bb2
In base 12, what is 4 + 149?
151
In base 15, what is -b9e + 2?
-b9c
In base 5, what is 3 + -1122?
-1114
In base 12, what is a3b - 4?
a37
In base 2, what is 100 + -1111011?
-1110111
In base 9, what is 1 + -104?
-103
In base 16, what is -a23 + -3?
-a26
In base 7, what is -165560 + 4?
-165553
In base 9, what is -13822 - -1?
-13821
In base 3, what is -222 - 11?
-1010
In base 13, what is -78 + 0?
-78
In base 3, what is 1212100 + -1?
1212022
In base 4, what is -1 + 201?
200
In base 13, what is 12b + -2?
129
In base 12, what is 3 - 46?
-43
In base 7, what is -4 + -400?
-404
In base 2, what is -10 - -111100?
111010
In base 3, what is 2101 - -1211?
11012
In base 11, what is 27 - 9?
19
In base 14, what is -13ab + -4?
-13b1
In base 9, what is -1 - 10?
-11
In base 7, what is -2441 - 3?
-2444
In base 6, what is 1214 - -3?
1221
In base 12, what is -94a - 4?
-952
In base 10, what is -983 - 3?
-986
In base 4, what is 110 - -12312?
13022
In base 8, what is -3 + 101?
76
In base 16, what is 0 - -27b?
27b
In base 6, what is -235 - -1?
-234
In base 9, what is -2 - -627?
625
In base 13, what is -2 - 9b?
-a0
In base 15, what is dcb + 1?
dcc
In base 15, what is ec0 - 5?
eba
In base 16, what is 2b - 2?
29
In base 8, what is -2 + 46?
44
In base 5, what is 3 + 323?
331
In base 4, what is 2 - -3110?
3112
In base 7, what is 2131 - -2?
2133
In base 16, what is 5 - -f?
14
In base 3, what is 121 - -202?
1100
In base 13, what is 7 - 21?
-17
In base 13, what is -5 + b?
6
In base 10, what is -34 - -5?
-29
In base 4, what is 13021 + -10?
13011
In base 15, what is 16 - -3?
19
In base 14, what is -4 + 12c?
128
In base 7, what is -15 + -3422?
-3440
In base 7, what is 1066 - -32?
1131
In base 7, what is 2 + 111?
113
In base 11, what is -1 + -7?
-8
In base 14, what is 1c9 + 4?
1cd
In base 11, what is 121 - 66?
66
In base 2, what is -1101001110 - 10011?
-1101100001
In base 8, what is 17 - -15?
34
In base 10, what is -67 - -4?
-63
In base 15, what is 13 - 4?
e
In base 16, what is 75 - 1?
74
In base 13, what is -5c - -13?
-49
In base 8, what is -6 + 2223?
2215
In base 10, what is 455 + -6?
449
In base 5, what is -134 + -3?
-142
In base 8, what is 25 + -32?
-5
In base 15, what is 21 + -b?
15
In base 9, what is 1127 + -3?
1124
In base 11, what is 4 - -9a?
a3
In base 10, what is 12 + 54?
66
In base 11, what is 3 - -66?
69
In base 15, what is -3 + c?
9
In base 7, what is 2 + 2166?
2201
In base 13, what is 1 - -526?
527
In base 4, what is 11 - 232?
-221
In base 4, what is 301230 - -1?
301231
In base 3, what is -2001 - -2200?
122
In base 12, what is 5 + 4?
9
In base 4, what is -2110 - 130?
-2300
In base 3, what is -11 + -10010?
-10021
In base 9, what is -2 + -63?
-65
In base 14, what is -32 + 97?
65
In base 13, what is -a + -3?
-10
In base 11, what is -4 + -23a?
-243
In base 7, what is 5 + 26?
34
In base 15, what is -70 + -32?
-a2
In base 14, what is -19 + 24?
9
In base 9, what is -214 - 44?
-258
In base 7, what is 1 - -435?
436
In base 2, what is -10100001 - 101?
-10100110
In base 3, what is -22 + 210?
111
In base 15, what is 3e - -9e?
dd
In base 5, what is -311 + 1?
-310
In base 7, what is 0 + 111?
111
In base 12, what is -1297 + 4?
-1293
In base 16, what is -bf7 + -3?
-bfa
In base 5, what is 32141 - -10?
32201
In base 6, what is 1122 - 4?
1114
In base 5, what is 0 + -30011?
-30011
In base 7, what is -10613 + 5?
-10605
In base 14, what is 5 - -64?
69
In base 9, what is 43504 + -3?
43501
In base 6,